Let k = 2 + u. Suppose -2*j - 8 = -3*p - 1, -k*j + 2 = -2*p. What is the units digit of j?
4
Let n(s) = s + 17. What is the units digit of n(-5)?
2
What is the tens digit of 586*2/9*(-81)/(-36)?
9
Suppose -15 + 39 = -3*j. What is the units digit of (-2)/(-8) - 70/j?
9
Let l(m) be the first derivative of 5*m**2/2 + m - 3. What is the units digit of l(2)?
1
Suppose 3*w - 3 = -3*u, w = -5*u + 17 - 0. Suppose -u*y - y = -80. What is the tens digit of y?
1
Let c(p) be the second derivative of p**3/6 - p**2 + 2*p. Let a be c(-5). Let n = 13 + a. What is the units digit of n?
6
Let h(t) = -4*t - 1. Let p be h(-2). Let q(i) = i**2 - 5*i - 7. What is the units digit of q(p)?
7
Suppose 4*i - v = 492, i + 53 = -2*v + 176. What is the hundreds digit of i?
1
Let u be (-52)/10 + 1/5. Let h(v) = -2*v + 7. What is the tens digit of h(u)?
1
Let d(x) = -6*x**3 - x**2 - 2*x - 5. What is the units digit of d(-2)?
3
Suppose 0 = -5*j + 10 - 0. Let z(u) = u**2 + u. Let v be z(j). What is the units digit of 4/v - 30/(-9)?
4
Let x(i) = 3*i - 11. What is the units digit of x(6)?
7
Suppose -5*r = -3*t - 411 - 213, 138 = r - 5*t. What is the hundreds digit of r?
1
Let t = 29 + -19. What is the units digit of t?
0
Suppose 0 = -u + 17 + 11. What is the units digit of u?
8
Let o(t) = 6*t + 9. Let n(c) = 3*c + 4. Let u(r) = -7*n(r) + 3*o(r). Let l be u(1). Let j = 7 + l. What is the units digit of j?
3
Suppose -4*d + 5 + 19 = 0. What is the tens digit of 225/d*(-4)/(-6)?
2
Let a = -9 + 12. What is the units digit of a?
3
Let i(p) = p**2 + 2*p - 12. Let m be i(-4). What is the units digit of (2/4)/(m/(-232))?
9
Suppose -3*x + 13 = -455. What is the tens digit of x?
5
Let x = 130 + 5. What is the hundreds digit of x?
1
Let y = -370 - -631. What is the hundreds digit of y?
2
Let n(d) = -5*d + 9. Let c(m) = m - 1. Let f(p) = -6*c(p) - n(p). Suppose -16 = 5*y + 4. What is the units digit of f(y)?
1
Let l = -1 + 1. Suppose l = -4*z + z + 21. What is the units digit of z?
7
What is the units digit of (-5)/(-25) + 44/5?
9
Let k be (-182)/12 - 3/(-18). What is the tens digit of k/2*16/(-12)?
1
Let d(y) = -y**2 - 6*y + 23. What is the units digit of d(-8)?
7
Let g = -27 + 55. What is the units digit of g?
8
Let k = -217 + 313. What is the tens digit of k?
9
Suppose -2*q = -4*q - 2. Let t = q - -7. What is the units digit of (-1)/6 - (-61)/t?
0
Let j(z) = 8*z**2 + z + 1. Suppose 0 = -4*u - 4. Let l be ((-1)/(-3))/(u/3). What is the units digit of j(l)?
8
Suppose 10 + 116 = 3*i. Let w = i - 18. Suppose 0 = f + 3*f - w. What is the units digit of f?
6
Suppose -12 = -2*r - r. Suppose 2*p - r = 2. What is the units digit of p?
3
Suppose 3*j = -j. Let t be (9 + j)*1*-2. What is the units digit of t/(-4) + 2/(-4)?
4
Let w(z) = -4*z**3 + 2*z**2 + 3*z + 2. Let x be w(-1). What is the tens digit of (-28 - 0)*x/(-10)?
1
Let o = 4 + -11. Let i = o + 2. What is the units digit of 2/4*(-70)/i?
7
Let l(o) be the first derivative of -o**4/4 + 5*o**3/3 + 2*o**2 - 6*o - 8. What is the tens digit of l(4)?
2
Suppose 228 + 4 = 2*g. What is the units digit of g?
6
Let l(p) = p**2 + 2*p - 1. Let f be l(1). Suppose c = -2*v + 5*c + 18, 0 = 2*v + f*c. Suppose 4*q = 5 + v. What is the units digit of q?
2
Suppose 20 = -4*q - 76. Let c = q + 35. What is the tens digit of c?
1
Let d be 2*-1*2/(-2). Suppose -3*q = 3*b - 9, 7*b - 4*q - d = 4*b. What is the units digit of b/1 + 7/1?
9
Suppose 3*b - 9 = -3*d - 0*b, 7 = d + 3*b. What is the units digit of d?
1
Let v = -27 - -51. What is the tens digit of v?
2
Let f(u) = 2*u**2 - 4*u - 8. What is the units digit of f(5)?
2
Let r = -200 + 453. What is the hundreds digit of r?
2
Suppose 0 = 2*u + 3*m - 34, 0*u + 35 = u - 3*m. What is the tens digit of u?
2
Suppose -2*j + 24 = 4*m, -7*j + 54 = -3*j + 2*m. What is the units digit of j?
4
Suppose 0 = 13*j - 1511 - 322. What is the hundreds digit of j?
1
Suppose 4*v = 4*g + 2*v + 2, 0 = -4*g - v - 17. Let u(j) = j**2 + 3*j + 3. What is the units digit of u(g)?
3
Suppose 0 = 13*t - 5031 + 442. What is the units digit of t?
3
Suppose -3*w = -5*m + 75, -2*w - 3*m = -7*m + 48. Let q = w + 45. What is the units digit of q?
5
Let a(t) = -3*t**3 - t**2 - 2*t + 19. Let x(y) = -y**3 - y**2 - y + 1. Let g(u) = a(u) - 2*x(u). Let f = 2 + -2. What is the units digit of g(f)?
7
Let y(k) = -k**3 + 2*k**2 - 1. Let s be y(1). Suppose 4*r + r = -2*f + 144, s = 3*r + f - 86. What is the units digit of r?
8
Suppose -5*f - 9 + 29 = 0. Suppose -2*h = -f*h + 4. Suppose h*b + 1 - 7 = 0. What is the units digit of b?
3
Let c(z) = 2*z**3 + 23*z**2 - 4*z + 15. Let b(x) = 9*x**2 + 6 + 2 - 2*x - 7*x**2 + x**3 + 10*x**2. Let n(a) = -7*b(a) + 4*c(a). What is the tens digit of n(-8)?
2
Suppose -6*r = -2*r - 4. Let c(d) = 11*d. What is the tens digit of c(r)?
1
Let n be (-16)/3*15/(-10). Let f(x) = x**2 - x - 5. Let t be f(0). Let p = n + t. What is the units digit of p?
3
Let n = -14 - -6. Let o be (-38)/10 - 2/10. What is the tens digit of (4*7)/(n/o)?
1
Let y(x) = -x**3 - 3*x**2 - 2*x - 2. Let a be y(-3). Suppose -5*l + 24 = 3*c - 26, -3*l = -a*c - 1. What is the units digit of (-12)/8*(1 - l)?
9
Let i(k) be the third derivative of k**5/60 + k**4/12 + k**3/6 - 2*k**2. Let u be i(-1). Let q(p) = -p**2 + p + 12. What is the units digit of q(u)?
2
Let q(l) = 31*l**3 - l**2 + l. Let u = -12 + 13. What is the units digit of q(u)?
1
Let s = -7 + -8. Let o(l) = -l**2 - 19*l - 20. What is the units digit of o(s)?
0
Suppose -3*r + 3*l = -393, -3*r + 4*l = -0*l - 392. What is the hundreds digit of r?
1
Let l be 2/6 - (-16)/6. Let j be l*-1 + 3*-2. What is the units digit of 2 - -3*(-6)/j?
4
Let c be (-1 + 4)*(2 + -1). Suppose 15 = c*p - 48. What is the units digit of p?
1
Suppose 0 = 9*r - 14*r + 55. What is the tens digit of r?
1
Let d(n) = n**2 - 9*n + 5. Let x(o) = -o**2 + 8*o - 5. Suppose -25 = 6*g - g. Let u(s) = g*d(s) - 6*x(s). What is the units digit of u(4)?
9
Let w = -21 + 23. Suppose -w*r + 0*l = -4*l - 40, 0 = 5*r - l - 55. What is the units digit of r?
0
Let y(x) = 3*x + 6*x + 1 - 6*x. Suppose c + 2 = 3*c. What is the units digit of y(c)?
4
Let x be 3 + -2 + (1 - -1). Suppose -2*b - x*b = 15. What is the tens digit of (b + 2)/(1/(-13))?
1
Suppose 87 = 3*f - 21. What is the units digit of f?
6
Let v(a) = -2*a**2 + 4*a. Let y be v(3). Let r(f) = f**3 + 7*f**2 + 5*f + 2. What is the units digit of r(y)?
8
Suppose w = -3*w + 76. What is the tens digit of w?
1
Suppose -4*f - 24 = -2*c - 2*f, -28 = -4*c - f. Suppose 2*n + 4*x = 2 - 4, -x = -2*n + c. What is the units digit of n?
3
Suppose y - 2 = -0*x - x, -y + 2*x = -17. What is the units digit of y?
7
Let r(d) = -d**3 + 3*d**2 + 4*d - 9. Let z(f) = -f**3 + 2*f**2 + 3*f - 8. Let u(w) = 2*r(w) - 3*z(w). What is the units digit of u(0)?
6
Let u(m) = m + 7. Let n be u(-6). What is the units digit of 1/(n/8 + 0)?
8
Let w(i) = -3*i - 2. Let z(h) = h. Let m(q) = -2*w(q) - 10*z(q). Let n be m(-10). Suppose -5*d + 4*j = -74, -2*j = -2*d - d + n. What is the tens digit of d?
1
Let r(u) be the third derivative of u**4/4 + u**3/6 - u**2. What is the units digit of r(1)?
7
Suppose 101 = 4*c - 27. What is the tens digit of c?
3
Let o be 898/(-3) + (-10)/15. What is the units digit of o/9*(-12)/8?
0
Let y(n) = 6*n**2 + 14*n - 6. What is the units digit of y(-6)?
6
Let w be (117/(-18))/(1/2). Let c = w - -25. What is the tens digit of c?
1
Suppose -2*t = 3*t - 25. Let m(k) = k - 2. What is the units digit of m(t)?
3
Suppose -3*n - 15 = -3*d, -3*d = n - 3*n - 10. Suppose -3*v + 12 + d = 0. Suppose -4*l + v = -2*i, 2 = 2*l + i + i. What is the units digit of l?
1
Suppose 3*n = f - 0*f - 2, -2*f - n = 10. Let r = f - 0. What is the units digit of (-1)/(r/(-5) + -1)?
5
Let l(m) = -m - 2. Let j be l(7). Let b(h) be the third derivative of h**6/120 + 2*h**5/15 - 11*h**4/24 - 13*h**3/6 - 3*h**2. What is the units digit of b(j)?
5
Let y = -64 - -190. Suppose 156 = 2*t + 3*t - 2*o, -y = -4*t + o. What is the units digit of t?
2
Let u = -21 + 39. What is the tens digit of u?
1
Let m(d) be the second derivative of 0*d**2 + 1/6*d**3 - d + 0. What is the units digit of m(8)?
8
Let r = 18 + 0. What is the units digit of r?
8
Suppose 8 = 2*i - 0. Suppose -3*r + 78 = j + 2*j, -r = i*j - 104. What is the tens digit of j?
2
Let m = 